{"id":6341,"date":"2024-09-25T13:39:36","date_gmt":"2024-09-25T11:39:36","guid":{"rendered":"https:\/\/www.vilainlevain.com\/?page_id=6341"},"modified":"2025-03-14T13:44:54","modified_gmt":"2025-03-14T12:44:54","slug":"abonnement-newsletter","status":"publish","type":"page","link":"https:\/\/www.vilainlevain.com\/index.php\/abonnement-newsletter\/","title":{"rendered":"Abonnement Newsletter"},"content":{"rendered":"  \n  \n  <div class=\"\n    mailpoet_form_popup_overlay\n      \"><\/div>\n  <div\n    id=\"mailpoet_form_5\"\n    class=\"\n      mailpoet_form\n      mailpoet_form_shortcode\n      mailpoet_form_position_\n      mailpoet_form_animation_\n    \"\n      >\n\n    <style type=\"text\/css\">\n     #mailpoet_form_5 form.mailpoet_form { margin-bottom: 0; }\n#mailpoet_form_5 p.mailpoet_form_paragraph.last { margin-bottom: 0px; }\n#mailpoet_form_5 h1.mailpoet-heading { margin: 0 0 10px; }\n#mailpoet_form_5 .mailpoet_column_with_background { padding: 10px; }\n#mailpoet_form_5 .mailpoet_form_column:not(:first-child) { margin-left: 20px; }\n#mailpoet_form_5 .mailpoet_paragraph { line-height: 20px; margin-bottom: 20px; }\n#mailpoet_form_5 .mailpoet_segment_label, #mailpoet_form_5 .mailpoet_text_label, #mailpoet_form_5 .mailpoet_textarea_label, #mailpoet_form_5 .mailpoet_select_label, #mailpoet_form_5 .mailpoet_radio_label, #mailpoet_form_5 .mailpoet_checkbox_label, #mailpoet_form_5 .mailpoet_list_label, #mailpoet_form_5 .mailpoet_date_label { display: block; font-weight: normal; }\n#mailpoet_form_5 .mailpoet_text, #mailpoet_form_5 .mailpoet_textarea, #mailpoet_form_5 .mailpoet_select, #mailpoet_form_5 .mailpoet_date_month, #mailpoet_form_5 .mailpoet_date_day, #mailpoet_form_5 .mailpoet_date_year, #mailpoet_form_5 .mailpoet_date { display: block; }\n#mailpoet_form_5 .mailpoet_text, #mailpoet_form_5 .mailpoet_textarea { width: 200px; }\n#mailpoet_form_5 .mailpoet_checkbox {  }\n#mailpoet_form_5 .mailpoet_submit {  }\n#mailpoet_form_5 .mailpoet_divider {  }\n#mailpoet_form_5 .mailpoet_message {  }\n#mailpoet_form_5 .mailpoet_form_loading { width: 30px; text-align: center; line-height: normal; }\n#mailpoet_form_5 .mailpoet_form_loading > span { width: 5px; height: 5px; background-color: #5b5b5b; }#mailpoet_form_5{border: 4px solid #f7f7f7;border-radius: 40px;background: #ffffff;color: #313131;text-align: center;}#mailpoet_form_5 form.mailpoet_form {padding: 24px;}#mailpoet_form_5{width: 100%;}#mailpoet_form_5 .mailpoet_message {margin: 0; padding: 0 20px;}\n        #mailpoet_form_5 .mailpoet_validate_success {color: #00d084}\n        #mailpoet_form_5 input.parsley-success {color: #00d084}\n        #mailpoet_form_5 select.parsley-success {color: #00d084}\n        #mailpoet_form_5 textarea.parsley-success {color: #00d084}\n      \n        #mailpoet_form_5 .mailpoet_validate_error {color: #cf2e2e}\n        #mailpoet_form_5 input.parsley-error {color: #cf2e2e}\n        #mailpoet_form_5 select.parsley-error {color: #cf2e2e}\n        #mailpoet_form_5 textarea.textarea.parsley-error {color: #cf2e2e}\n        #mailpoet_form_5 .parsley-errors-list {color: #cf2e2e}\n        #mailpoet_form_5 .parsley-required {color: #cf2e2e}\n        #mailpoet_form_5 .parsley-custom-error-message {color: #cf2e2e}\n      #mailpoet_form_5 .mailpoet_paragraph.last {margin-bottom: 0} @media (max-width: 500px) {#mailpoet_form_5 {background: #ffffff;}} @media (min-width: 500px) {#mailpoet_form_5 .last .mailpoet_paragraph:last-child {margin-bottom: 0}}  @media (max-width: 500px) {#mailpoet_form_5 .mailpoet_form_column:last-child .mailpoet_paragraph:last-child {margin-bottom: 0}} \n    <\/style>\n\n    <form\n      target=\"_self\"\n      method=\"post\"\n      action=\"https:\/\/www.vilainlevain.com\/wp-admin\/admin-post.php?action=mailpoet_subscription_form\"\n      class=\"mailpoet_form mailpoet_form_form mailpoet_form_shortcode\"\n      novalidate\n      data-delay=\"\"\n      data-exit-intent-enabled=\"\"\n      data-font-family=\"\"\n      data-cookie-expiration-time=\"\"\n    >\n      <input type=\"hidden\" name=\"data[form_id]\" value=\"5\" \/>\n      <input type=\"hidden\" name=\"token\" value=\"a1b1b3129b\" \/>\n      <input type=\"hidden\" name=\"api_version\" value=\"v1\" \/>\n      <input type=\"hidden\" name=\"endpoint\" value=\"subscribers\" \/>\n      <input type=\"hidden\" name=\"mailpoet_method\" value=\"subscribe\" \/>\n\n      <label class=\"mailpoet_hp_email_label\" style=\"display: none !important;\">Veuillez laisser ce champ vide<input type=\"email\" name=\"data[email]\"\/><\/label><h1 class=\"mailpoet-heading  mailpoet-has-font-size\" style=\"text-align: center; color: #313131; font-size: 37px; line-height: 1.2\">\ud83d\ude4c <span style=\"font-family: BioRhyme\" data-font=\"BioRhyme\" class=\"mailpoet-has-font\">Rejoins la newsletter !<\/span><\/h1>\n<h4 class=\"mailpoet-heading  mailpoet-has-background-color mailpoet-has-font-size\" style=\"text-align: center; color: #313131; font-size: 13px; line-height: 1.2; background-color: #fffad5\">Une fois par semaine, des recettes, des astuces, des p\u00e9pites <img decoding=\"async\" class=\"emoji lazyload\" data-src=\"https:\/\/s.w.org\/images\/core\/emoji\/16.0.1\/svg\/1f48e.svg\" alt=\"\ud83d\udc8e\" src=\"data:image\/svg+xml;base64,PHN2ZyB3aWR0aD0iMSIgaGVpZ2h0PSIxIiB4bWxucz0iaHR0cDovL3d3dy53My5vcmcvMjAwMC9zdmciPjwvc3ZnPg==\"> <\/h4>\n<div class='mailpoet_form_columns_container'><div class=\"mailpoet_form_columns mailpoet_paragraph mailpoet_stack_on_mobile\"><div class=\"mailpoet_form_column\" style=\"flex-basis:10%;\"><\/div>\n<div class=\"mailpoet_form_column\" style=\"flex-basis:40%;\"><div class=\"mailpoet_paragraph \"><style>input[name=\"data[form_field_MzliNThjNjAyM2JiX2VtYWls]\"]::placeholder{color:#abb8c3;opacity: 1;}<\/style><input type=\"email\" autocomplete=\"email\" class=\"mailpoet_text\" id=\"form_email_5\" name=\"data[form_field_MzliNThjNjAyM2JiX2VtYWls]\" title=\"Adresse e-mail\" value=\"\" style=\"width:100%;box-sizing:border-box;background-color:#eeeeee;border-style:solid;border-radius:40px !important;border-width:0px;border-color:#313131;padding:15px;margin: 0 auto;font-family:&#039;Montserrat&#039;;font-size:20px;line-height:1.5;height:auto;color:#abb8c3;\" data-automation-id=\"form_email\"  placeholder=\"Adresse e-mail *\" aria-label=\"Adresse e-mail *\" data-parsley-errors-container=\".mailpoet_error_fv0yp\" data-parsley-required=\"true\" required aria-required=\"true\" data-parsley-minlength=\"6\" data-parsley-maxlength=\"150\" data-parsley-type-message=\"Cette valeur doit \u00eatre un e-mail valide.\" data-parsley-required-message=\"Ce champ est n\u00e9cessaire.\"\/><span class=\"mailpoet_error_fv0yp\"><\/span><\/div>\n<\/div>\n<div class=\"mailpoet_form_column\" style=\"flex-basis:40%;\"><div class=\"mailpoet_paragraph \"><input type=\"submit\" class=\"mailpoet_submit\" value=\"Inscris toi !\" data-automation-id=\"subscribe-submit-button\" data-font-family='Montserrat' style=\"width:100%;box-sizing:border-box;background-color:#f9f084;border-style:solid;border-radius:40px !important;border-width:0px;padding:16px;margin: 0 auto;font-family:&#039;Montserrat&#039;;font-size:20px;line-height:1.5;height:auto;color:#000000;border-color:transparent;font-weight:bold;\" \/><span class=\"mailpoet_form_loading\"><span class=\"mailpoet_bounce1\"><\/span><span class=\"mailpoet_bounce2\"><\/span><span class=\"mailpoet_bounce3\"><\/span><\/span><\/div>\n<\/div>\n<div class=\"mailpoet_form_column\" style=\"flex-basis:10%;\"><\/div>\n<\/div><\/div>\n<p class=\"mailpoet_form_paragraph  mailpoet-has-font-size\" style=\"text-align: center; font-size: 13px; line-height: 1.5\"><em><span style=\"font-family: Montserrat\" data-font=\"Montserrat\" class=\"mailpoet-has-font\">La newsletter Vilain Levain, c'est tous les samedis matin\u00a0!<\/span><\/em> Pas de spam, c'est promis !<br><em><span style=\"font-family: Montserrat\" data-font=\"Montserrat\" class=\"mailpoet-has-font\">Consulte notre <a href=\"#\">politique de confidentialit\u00e9<\/a><\/span><\/em><\/p>\n\n      <div class=\"mailpoet_message\">\n        <p class=\"mailpoet_validate_success\"\n                style=\"display:none;\"\n                >V\u00e9rifiez votre boite de r\u00e9ception ou votre r\u00e9pertoire d\u2019ind\u00e9sirables pour confirmer votre abonnement.\n        <\/p>\n        <p class=\"mailpoet_validate_error\"\n                style=\"display:none;\"\n                >        <\/p>\n      <\/div>\n    <\/form>\n\n      <\/div>\n\n  \n\n\n\n<p><\/p>\n","protected":false},"excerpt":{"rendered":"Veuillez laisser ce champ vide\ud83d\ude4c Rejoins la newsletter ! Une fois par semaine, des recettes, des astuces, des p\u00e9pites La newsletter Vilain Levain, c'est tous les samedis matin\u00a0! Pas de spam, c'est promis !Consulte notre politique de confidentialit\u00e9 V\u00e9rifiez votre boite de r\u00e9ception ou votre r\u00e9pertoire d\u2019ind\u00e9sirables pour confirmer votre abonnement.","protected":false},"author":1,"featured_media":0,"parent":0,"menu_order":0,"comment_status":"closed","ping_status":"closed","template":"","meta":{"_uag_custom_page_level_css":"","footnotes":""},"class_list":["post-6341","page","type-page","status-publish","hentry"],"yoast_head":"<!-- This site is optimized with the Yoast SEO plugin v26.4 - https:\/\/yoast.com\/wordpress\/plugins\/seo\/ -->\n<title>Abonnement Newsletter - Vilain Levain - La premi\u00e8re box 100% levain<\/title>\n<meta name=\"robots\" content=\"index, follow, max-snippet:-1, max-image-preview:large, max-video-preview:-1\" \/>\n<link rel=\"canonical\" href=\"https:\/\/www.vilainlevain.com\/index.php\/abonnement-newsletter\/\" \/>\n<meta property=\"og:locale\" content=\"fr_FR\" \/>\n<meta property=\"og:type\" content=\"article\" \/>\n<meta property=\"og:title\" content=\"Abonnement Newsletter - Vilain Levain - La premi\u00e8re box 100% levain\" \/>\n<meta property=\"og:url\" content=\"https:\/\/www.vilainlevain.com\/index.php\/abonnement-newsletter\/\" \/>\n<meta property=\"og:site_name\" content=\"Vilain Levain - La premi\u00e8re box 100% levain\" \/>\n<meta property=\"article:modified_time\" content=\"2025-03-14T12:44:54+00:00\" \/>\n<meta name=\"twitter:card\" content=\"summary_large_image\" \/>\n<script type=\"application\/ld+json\" class=\"yoast-schema-graph\">{\"@context\":\"https:\/\/schema.org\",\"@graph\":[{\"@type\":\"WebPage\",\"@id\":\"https:\/\/www.vilainlevain.com\/index.php\/abonnement-newsletter\/\",\"url\":\"https:\/\/www.vilainlevain.com\/index.php\/abonnement-newsletter\/\",\"name\":\"Abonnement Newsletter - Vilain Levain - La premi\u00e8re box 100% levain\",\"isPartOf\":{\"@id\":\"https:\/\/www.vilainlevain.com\/#website\"},\"datePublished\":\"2024-09-25T11:39:36+00:00\",\"dateModified\":\"2025-03-14T12:44:54+00:00\",\"breadcrumb\":{\"@id\":\"https:\/\/www.vilainlevain.com\/index.php\/abonnement-newsletter\/#breadcrumb\"},\"inLanguage\":\"fr-FR\",\"potentialAction\":[{\"@type\":\"ReadAction\",\"target\":[\"https:\/\/www.vilainlevain.com\/index.php\/abonnement-newsletter\/\"]}]},{\"@type\":\"BreadcrumbList\",\"@id\":\"https:\/\/www.vilainlevain.com\/index.php\/abonnement-newsletter\/#breadcrumb\",\"itemListElement\":[{\"@type\":\"ListItem\",\"position\":1,\"name\":\"Accueil\",\"item\":\"https:\/\/www.vilainlevain.com\/\"},{\"@type\":\"ListItem\",\"position\":2,\"name\":\"Abonnement Newsletter\"}]},{\"@type\":\"WebSite\",\"@id\":\"https:\/\/www.vilainlevain.com\/#website\",\"url\":\"https:\/\/www.vilainlevain.com\/\",\"name\":\"Vilain Levain - La premi\u00e8re box 100% levain\",\"description\":\"Kit pour pain au levain fait-maison. Une box efficace et une expertise \u00e0 votre service !\",\"potentialAction\":[{\"@type\":\"SearchAction\",\"target\":{\"@type\":\"EntryPoint\",\"urlTemplate\":\"https:\/\/www.vilainlevain.com\/?s={search_term_string}\"},\"query-input\":{\"@type\":\"PropertyValueSpecification\",\"valueRequired\":true,\"valueName\":\"search_term_string\"}}],\"inLanguage\":\"fr-FR\"}]}<\/script>\n<!-- \/ Yoast SEO plugin. -->","yoast_head_json":{"title":"Abonnement Newsletter - Vilain Levain - La premi\u00e8re box 100% levain","robots":{"index":"index","follow":"follow","max-snippet":"max-snippet:-1","max-image-preview":"max-image-preview:large","max-video-preview":"max-video-preview:-1"},"canonical":"https:\/\/www.vilainlevain.com\/index.php\/abonnement-newsletter\/","og_locale":"fr_FR","og_type":"article","og_title":"Abonnement Newsletter - Vilain Levain - La premi\u00e8re box 100% levain","og_url":"https:\/\/www.vilainlevain.com\/index.php\/abonnement-newsletter\/","og_site_name":"Vilain Levain - La premi\u00e8re box 100% levain","article_modified_time":"2025-03-14T12:44:54+00:00","twitter_card":"summary_large_image","schema":{"@context":"https:\/\/schema.org","@graph":[{"@type":"WebPage","@id":"https:\/\/www.vilainlevain.com\/index.php\/abonnement-newsletter\/","url":"https:\/\/www.vilainlevain.com\/index.php\/abonnement-newsletter\/","name":"Abonnement Newsletter - Vilain Levain - La premi\u00e8re box 100% levain","isPartOf":{"@id":"https:\/\/www.vilainlevain.com\/#website"},"datePublished":"2024-09-25T11:39:36+00:00","dateModified":"2025-03-14T12:44:54+00:00","breadcrumb":{"@id":"https:\/\/www.vilainlevain.com\/index.php\/abonnement-newsletter\/#breadcrumb"},"inLanguage":"fr-FR","potentialAction":[{"@type":"ReadAction","target":["https:\/\/www.vilainlevain.com\/index.php\/abonnement-newsletter\/"]}]},{"@type":"BreadcrumbList","@id":"https:\/\/www.vilainlevain.com\/index.php\/abonnement-newsletter\/#breadcrumb","itemListElement":[{"@type":"ListItem","position":1,"name":"Accueil","item":"https:\/\/www.vilainlevain.com\/"},{"@type":"ListItem","position":2,"name":"Abonnement Newsletter"}]},{"@type":"WebSite","@id":"https:\/\/www.vilainlevain.com\/#website","url":"https:\/\/www.vilainlevain.com\/","name":"Vilain Levain - La premi\u00e8re box 100% levain","description":"Kit pour pain au levain fait-maison. Une box efficace et une expertise \u00e0 votre service !","potentialAction":[{"@type":"SearchAction","target":{"@type":"EntryPoint","urlTemplate":"https:\/\/www.vilainlevain.com\/?s={search_term_string}"},"query-input":{"@type":"PropertyValueSpecification","valueRequired":true,"valueName":"search_term_string"}}],"inLanguage":"fr-FR"}]}},"uagb_featured_image_src":{"full":false,"thumbnail":false,"medium":false,"medium_large":false,"large":false,"1536x1536":false,"2048x2048":false,"blog-isotope":false,"mailpoet_newsletter_max":false,"woocommerce_thumbnail":false,"woocommerce_single":false,"woocommerce_gallery_thumbnail":false},"uagb_author_info":{"display_name":"Val\u00e9rie Zanon","author_link":"https:\/\/www.vilainlevain.com\/index.php\/author\/admin2739\/"},"uagb_comment_info":0,"uagb_excerpt":null,"jetpack_sharing_enabled":true,"jetpack-related-posts":[{"id":31,"url":"https:\/\/www.vilainlevain.com\/index.php\/blog\/","url_meta":{"origin":6341,"position":0},"title":"Le Blog","author":"Val\u00e9rie Zanon","date":"27 ao\u00fbt 2016","format":false,"excerpt":"Bienvenue sur le blog de Vilain Levain, un espace d\u00e9di\u00e9 \u00e0 la pratique du pain au levain fait maison.Recettes, conseils techniques, astuces du quotidien, retours d\u2019exp\u00e9riences ou r\u00e9flexions plus larges autour du levain\u2026 ce blog fourmille d\u2019id\u00e9es pour accompagner chaque \u00e9tape du parcours, du premier levain jusqu\u2019aux fourn\u00e9es plus affirm\u00e9es.\u2026","rel":"","context":"Article similaire","block_context":{"text":"Article similaire","link":""},"img":{"alt_text":"","src":"https:\/\/i0.wp.com\/www.vilainlevain.com\/wp-content\/uploads\/2025\/04\/pain-au-levain-fait-maison-facile.jpg?fit=804%2C1200&ssl=1&resize=350%2C200","width":350,"height":200,"srcset":"https:\/\/i0.wp.com\/www.vilainlevain.com\/wp-content\/uploads\/2025\/04\/pain-au-levain-fait-maison-facile.jpg?fit=804%2C1200&ssl=1&resize=350%2C200 1x, https:\/\/i0.wp.com\/www.vilainlevain.com\/wp-content\/uploads\/2025\/04\/pain-au-levain-fait-maison-facile.jpg?fit=804%2C1200&ssl=1&resize=525%2C300 1.5x, https:\/\/i0.wp.com\/www.vilainlevain.com\/wp-content\/uploads\/2025\/04\/pain-au-levain-fait-maison-facile.jpg?fit=804%2C1200&ssl=1&resize=700%2C400 2x"},"classes":[]},{"id":3131,"url":"https:\/\/www.vilainlevain.com\/index.php\/mentions-legales\/","url_meta":{"origin":6341,"position":1},"title":"Mentions l\u00e9gales","author":"Val\u00e9rie Zanon","date":"1 d\u00e9cembre 2021","format":false,"excerpt":"[vc_row][vc_column][vc_column_text css=\"\"] Mentions l\u00e9gales \u00c9diteur du site :Vilain Levain\u00ae \u2013 marque d\u00e9pos\u00e9e \u00e0 l\u2019INPIPropri\u00e9taire : Val\u00e9rie Zanon, entrepreneur individuelAdresse : 9 impasse de l\u2019Ouest, 78200 Mantes-la-Jolie, FranceSIRET : 911 467 728 00018Email : contact@vilainlevain.comSite : https:\/\/www.vilainlevain.com H\u00e9bergement :OVH \u2013 2 rue Kellermann \u2013 59100 Roubaix \u2013 France 1. Pr\u00e9sentation du\u2026","rel":"","context":"Article similaire","block_context":{"text":"Article similaire","link":""},"img":{"alt_text":"","src":"","width":0,"height":0},"classes":[]},{"id":9881,"url":"https:\/\/www.vilainlevain.com\/index.php\/pain-au-levain-et-grosses-chaleurs-5-reflexes-pour-garder-le-controle\/","url_meta":{"origin":6341,"position":2},"title":"Pain au levain et grosses chaleurs : 5 r\u00e9flexes pour garder le contr\u00f4le !","author":"Val\u00e9rie Zanon","date":"2 juillet 2025","format":false,"excerpt":"[vc_row][vc_column offset=\"vc_col-lg-offset-1 vc_col-lg-4\/5\"][vc_empty_space height=\"30\"][vc_custom_heading text=\"Et en bonus : ma recette de pain \u00e0 la farine de meule et deux s\u00e9sames !\" css=\"\"][vc_column_text css=\"\"]Quand l\u2019\u00e9t\u00e9 s\u2019installe pour de bon et que les temp\u00e9ratures grimpent, notre levain r\u00e9agit au quart de tour. Fermentations express, p\u00e2tes trop molles, timing \u00e0 revoir\u2026 Pas toujours\u2026","rel":"","context":"Article similaire","block_context":{"text":"Article similaire","link":""},"img":{"alt_text":"","src":"https:\/\/i0.wp.com\/www.vilainlevain.com\/wp-content\/uploads\/2025\/07\/levain-et-canicule.jpg?fit=625%2C938&ssl=1&resize=350%2C200","width":350,"height":200,"srcset":"https:\/\/i0.wp.com\/www.vilainlevain.com\/wp-content\/uploads\/2025\/07\/levain-et-canicule.jpg?fit=625%2C938&ssl=1&resize=350%2C200 1x, https:\/\/i0.wp.com\/www.vilainlevain.com\/wp-content\/uploads\/2025\/07\/levain-et-canicule.jpg?fit=625%2C938&ssl=1&resize=525%2C300 1.5x"},"classes":[]},{"id":11743,"url":"https:\/\/www.vilainlevain.com\/index.php\/comment-booster-son-levain-5-astuces-pour-un-levain-en-pleine-forme-meme-quand-il-fait-froid\/","url_meta":{"origin":6341,"position":3},"title":"Comment booster son levain : 5 astuces pour un levain en pleine forme (m\u00eame quand il fait froid !)","author":"Val\u00e9rie Zanon","date":"17 f\u00e9vrier 2026","format":false,"excerpt":"Ton levain fait la t\u00eate ? D\u00e9couvre 5 astuces simples et efficaces pour booster ton levain maison, m\u00eame en hiver. Temp\u00e9rature, farine, rythme des rafra\u00eechis\u2026 Je t\u2019explique tout pour retrouver un levain actif et plein de bulles !","rel":"","context":"Article similaire","block_context":{"text":"Article similaire","link":""},"img":{"alt_text":"levain naturel tr\u00e8s actif","src":"https:\/\/i0.wp.com\/www.vilainlevain.com\/wp-content\/uploads\/2025\/11\/comment-booster-son-levain-scaled.jpg?fit=675%2C1200&ssl=1&resize=350%2C200","width":350,"height":200,"srcset":"https:\/\/i0.wp.com\/www.vilainlevain.com\/wp-content\/uploads\/2025\/11\/comment-booster-son-levain-scaled.jpg?fit=675%2C1200&ssl=1&resize=350%2C200 1x, https:\/\/i0.wp.com\/www.vilainlevain.com\/wp-content\/uploads\/2025\/11\/comment-booster-son-levain-scaled.jpg?fit=675%2C1200&ssl=1&resize=525%2C300 1.5x"},"classes":[]},{"id":529,"url":"https:\/\/www.vilainlevain.com\/","url_meta":{"origin":6341,"position":4},"title":"Boutique","author":"Val\u00e9rie Zanon","date":"10 janvier 2017","format":false,"excerpt":"[vc_row full_width=\"stretch_row_content_no_spaces\" css_animation=\"fadeIn\" css=\".vc_custom_1487082407951{margin-bottom: 75px !important;}\"][vc_column][vc_column_text css_animation=\"bounceIn\"] Livraison gratuite* \u00e0 partir de 40\u20ac en France m\u00e9tropolitaine ! *En point relais [\/vc_column_text][vc_separator color=\"custom\" style=\"dotted\" border_width=\"4\" el_width=\"60\" css=\"\" accent_color=\"#FEF87C\"][\/vc_column][\/vc_row][vc_row css_animation=\"fadeIn\"][vc_column width=\"1\/2\"][vc_single_image image=\"8904\" img_size=\"large\" alignment=\"center\" style=\"vc_box_shadow_3d\" css_animation=\"none\" css=\"\"][\/vc_column][vc_column width=\"1\/2\"][vc_custom_heading text=\"Salut \u00e0 tous, les co-pains !\"][vc_column_text css_animation=\"none\" css=\"\"] Je suis Val\u00e9rie, connue sous le\u2026","rel":"","context":"Article similaire","block_context":{"text":"Article similaire","link":""},"img":{"alt_text":"","src":"https:\/\/i0.wp.com\/www.vilainlevain.com\/wp-content\/uploads\/2022\/12\/OOK-compoxt-150x150.jpeg?resize=350%2C200&ssl=1","width":350,"height":200},"classes":[]},{"id":3154,"url":"https:\/\/www.vilainlevain.com\/index.php\/cgv\/","url_meta":{"origin":6341,"position":5},"title":"Conditions G\u00e9n\u00e9rales de Vente et d&rsquo;Utilisation (CGVU)","author":"Val\u00e9rie Zanon","date":"3 d\u00e9cembre 2021","format":false,"excerpt":"Derni\u00e8re mise \u00e0 jour : 11 septembre 2025 Les pr\u00e9sentes Conditions G\u00e9n\u00e9rales de Vente et d\u2019Utilisation (ci-apr\u00e8s \u00ab CGVU \u00bb), soumises au droit fran\u00e7ais, r\u00e9gissent l'utilisation du site internet https:\/\/vilainlevain.com (ci-apr\u00e8s le \u00ab Site \u00bb), propri\u00e9t\u00e9 de Val\u00e9rie Zanon (ci-apr\u00e8s la \u00ab Soci\u00e9t\u00e9 \u00bb). Toute navigation sur le Site, utilisation\u2026","rel":"","context":"Article similaire","block_context":{"text":"Article similaire","link":""},"img":{"alt_text":"","src":"","width":0,"height":0},"classes":[]}],"_links":{"self":[{"href":"https:\/\/www.vilainlevain.com\/index.php\/wp-json\/wp\/v2\/pages\/6341","targetHints":{"allow":["GET"]}}],"collection":[{"href":"https:\/\/www.vilainlevain.com\/index.php\/wp-json\/wp\/v2\/pages"}],"about":[{"href":"https:\/\/www.vilainlevain.com\/index.php\/wp-json\/wp\/v2\/types\/page"}],"author":[{"embeddable":true,"href":"https:\/\/www.vilainlevain.com\/index.php\/wp-json\/wp\/v2\/users\/1"}],"replies":[{"embeddable":true,"href":"https:\/\/www.vilainlevain.com\/index.php\/wp-json\/wp\/v2\/comments?post=6341"}],"version-history":[{"count":2,"href":"https:\/\/www.vilainlevain.com\/index.php\/wp-json\/wp\/v2\/pages\/6341\/revisions"}],"predecessor-version":[{"id":8632,"href":"https:\/\/www.vilainlevain.com\/index.php\/wp-json\/wp\/v2\/pages\/6341\/revisions\/8632"}],"wp:attachment":[{"href":"https:\/\/www.vilainlevain.com\/index.php\/wp-json\/wp\/v2\/media?parent=6341"}],"curies":[{"name":"wp","href":"https:\/\/api.w.org\/{rel}","templated":true}]}}