{"id":11747,"date":"2026-02-17T08:54:15","date_gmt":"2026-02-17T07:54:15","guid":{"rendered":"https:\/\/www.vilainlevain.com\/?page_id=11747"},"modified":"2026-02-17T08:54:17","modified_gmt":"2026-02-17T07:54:17","slug":"plus-quun-clic-pour-booster-ton-levain","status":"publish","type":"page","link":"https:\/\/www.vilainlevain.com\/index.php\/plus-quun-clic-pour-booster-ton-levain\/","title":{"rendered":"Plus qu&rsquo;un clic pour booster ton levain !"},"content":{"rendered":"  \n  \n  <div class=\"\n    mailpoet_form_popup_overlay\n      \"><\/div>\n  <div\n    id=\"mailpoet_form_9\"\n    class=\"\n      mailpoet_form\n      mailpoet_form_html\n      mailpoet_form_position_\n      mailpoet_form_animation_\n    \"\n      >\n\n    <style type=\"text\/css\">\n     #mailpoet_form_9 form.mailpoet_form { margin-bottom: 0; }\n#mailpoet_form_9 p.mailpoet_form_paragraph.last { margin-bottom: 0px; }\n#mailpoet_form_9 h1.mailpoet-heading { margin: 0 0 10px; }\n#mailpoet_form_9 .mailpoet_column_with_background { padding: 10px; }\n#mailpoet_form_9 .mailpoet_form_column:not(:first-child) { margin-left: 20px; }\n#mailpoet_form_9 .mailpoet_paragraph { line-height: 20px; margin-bottom: 20px; }\n#mailpoet_form_9 .mailpoet_segment_label, #mailpoet_form_9 .mailpoet_text_label, #mailpoet_form_9 .mailpoet_textarea_label, #mailpoet_form_9 .mailpoet_select_label, #mailpoet_form_9 .mailpoet_radio_label, #mailpoet_form_9 .mailpoet_checkbox_label, #mailpoet_form_9 .mailpoet_list_label, #mailpoet_form_9 .mailpoet_date_label { display: block; font-weight: normal; }\n#mailpoet_form_9 .mailpoet_text, #mailpoet_form_9 .mailpoet_textarea, #mailpoet_form_9 .mailpoet_select, #mailpoet_form_9 .mailpoet_date_month, #mailpoet_form_9 .mailpoet_date_day, #mailpoet_form_9 .mailpoet_date_year, #mailpoet_form_9 .mailpoet_date { display: block; }\n#mailpoet_form_9 .mailpoet_text, #mailpoet_form_9 .mailpoet_textarea { width: 200px; }\n#mailpoet_form_9 .mailpoet_checkbox {  }\n#mailpoet_form_9 .mailpoet_submit {  }\n#mailpoet_form_9 .mailpoet_divider {  }\n#mailpoet_form_9 .mailpoet_message {  }\n#mailpoet_form_9 .mailpoet_form_loading { width: 30px; text-align: center; line-height: normal; }\n#mailpoet_form_9 .mailpoet_form_loading > span { width: 5px; height: 5px; background-color: #5b5b5b; }#mailpoet_form_9{border: 4px solid #f7f7f7;border-radius: 40px;background: #ffffff;color: #313131;text-align: center;}#mailpoet_form_9 form.mailpoet_form {padding: 24px;}#mailpoet_form_9{width: 100%;}#mailpoet_form_9 .mailpoet_message {margin: 0; padding: 0 20px;}\n        #mailpoet_form_9 .mailpoet_validate_success {color: #00d084}\n        #mailpoet_form_9 input.parsley-success {color: #00d084}\n        #mailpoet_form_9 select.parsley-success {color: #00d084}\n        #mailpoet_form_9 textarea.parsley-success {color: #00d084}\n      \n        #mailpoet_form_9 .mailpoet_validate_error {color: #cf2e2e}\n        #mailpoet_form_9 input.parsley-error {color: #cf2e2e}\n        #mailpoet_form_9 select.parsley-error {color: #cf2e2e}\n        #mailpoet_form_9 textarea.textarea.parsley-error {color: #cf2e2e}\n        #mailpoet_form_9 .parsley-errors-list {color: #cf2e2e}\n        #mailpoet_form_9 .parsley-required {color: #cf2e2e}\n        #mailpoet_form_9 .parsley-custom-error-message {color: #cf2e2e}\n      #mailpoet_form_9 .mailpoet_paragraph.last {margin-bottom: 0} @media (max-width: 500px) {#mailpoet_form_9 {background: #ffffff;}} @media (min-width: 500px) {#mailpoet_form_9 .last .mailpoet_paragraph:last-child {margin-bottom: 0}}  @media (max-width: 500px) {#mailpoet_form_9 .mailpoet_form_column:last-child .mailpoet_paragraph:last-child {margin-bottom: 0}} \n    <\/style>\n\n    <form\n      target=\"_self\"\n      method=\"post\"\n      action=\"https:\/\/www.vilainlevain.com\/wp-admin\/admin-post.php?action=mailpoet_subscription_form\"\n      class=\"mailpoet_form mailpoet_form_form mailpoet_form_html\"\n      novalidate\n      data-delay=\"\"\n      data-exit-intent-enabled=\"\"\n      data-font-family=\"\"\n      data-cookie-expiration-time=\"\"\n    >\n      <input type=\"hidden\" name=\"data[form_id]\" value=\"9\" \/>\n      <input type=\"hidden\" name=\"token\" value=\"ff60f63d72\" \/>\n      <input type=\"hidden\" name=\"api_version\" value=\"v1\" \/>\n      <input type=\"hidden\" name=\"endpoint\" value=\"subscribers\" \/>\n      <input type=\"hidden\" name=\"mailpoet_method\" value=\"subscribe\" \/>\n\n      <label class=\"mailpoet_hp_email_label\" style=\"display: none !important;\">Veuillez laisser ce champ vide<input type=\"email\" name=\"data[email]\"\/><\/label><h4 class=\"mailpoet-heading  mailpoet-has-background-color mailpoet-has-font-size\" style=\"text-align: center; color: #313131; font-size: 16px; line-height: 1.4; background-color: #fffcc0; padding:0 0 0 0;\">TON ACC\u00c8S GRATUIT \u00c0 \ud83d\udc47 <\/h4>\n<div class='mailpoet_form_columns_container'><div class=\"mailpoet_form_columns mailpoet_paragraph mailpoet_stack_on_mobile\"><div class=\"mailpoet_form_column\"><h2 class=\"mailpoet-heading \" style=\"text-align: center\">MES 5 ASTUCES<br>POUR BOOSTER<br>TON LEVAIN<\/h2>\n<p class=\"mailpoet_form_paragraph \" style=\"text-align: center\">Remplis ton adresse mail et<strong> acc\u00e8de gratuitement \u00e0<\/strong> mon article.<br>Tu vas apprendre des trucs, c&rsquo;est s\u00fbr !<\/p>\n<\/div>\n<\/div><\/div>\n<div class='mailpoet_form_columns_container'><div class=\"mailpoet_form_columns mailpoet_paragraph mailpoet_stack_on_mobile\"><div class=\"mailpoet_form_column\" style=\"flex-basis:10%;\"><\/div>\n<div class=\"mailpoet_form_column\" style=\"flex-basis:40%;\"><div class=\"mailpoet_paragraph \"><style>input[name=\"data[form_field_MzliNThjNjAyM2JiX2VtYWls]\"]::placeholder{color:#abb8c3;opacity: 1;}<\/style><input type=\"email\" autocomplete=\"email\" class=\"mailpoet_text\" id=\"form_email_9\" name=\"data[form_field_MzliNThjNjAyM2JiX2VtYWls]\" title=\"Adresse e-mail\" value=\"\" style=\"width:100%;box-sizing:border-box;background-color:#eeeeee;border-style:solid;border-radius:40px !important;border-width:0px;border-color:#313131;padding:15px;margin: 0 auto;font-family:&#039;Montserrat&#039;;font-size:20px;line-height:1.5;height:auto;color:#abb8c3;\" data-automation-id=\"form_email\"  placeholder=\"Adresse e-mail *\" aria-label=\"Adresse e-mail *\" data-parsley-errors-container=\".mailpoet_error_5ads8\" data-parsley-required=\"true\" required aria-required=\"true\" data-parsley-minlength=\"6\" data-parsley-maxlength=\"150\" data-parsley-type-message=\"Cette valeur doit \u00eatre un e-mail valide.\" data-parsley-required-message=\"Ce champ est n\u00e9cessaire.\"\/><span class=\"mailpoet_error_5ads8\"><\/span><\/div>\n<\/div>\n<div class=\"mailpoet_form_column\" style=\"flex-basis:40%;\"><div class=\"mailpoet_paragraph \"><input type=\"submit\" class=\"mailpoet_submit\" value=\"Je veux booster mon levain !\" data-automation-id=\"subscribe-submit-button\" data-font-family='Montserrat' style=\"width:100%;box-sizing:border-box;background-color:#ff0000;border-style:solid;border-radius:40px !important;border-width:4px;padding:10px;margin: 0 auto;font-family:&#039;Montserrat&#039;;font-size:18px;line-height:1.5;height:auto;color:#ffffff;border-color:transparent;font-weight:bold;\" \/><span class=\"mailpoet_form_loading\"><span class=\"mailpoet_bounce1\"><\/span><span class=\"mailpoet_bounce2\"><\/span><span class=\"mailpoet_bounce3\"><\/span><\/span><\/div>\n<\/div>\n<div class=\"mailpoet_form_column\" style=\"flex-basis:10%;\"><\/div>\n<\/div><\/div>\n<div class='mailpoet_spacer mailpoet_has_divider' style='height: 10px;'><div class='mailpoet_divider' data-automation-id='form_divider' style='border-top-style: dotted;border-top-width: 8px;border-top-color: #fcfa00;height: 8px;width: 58%'><\/div><\/div>\n<div class='mailpoet_form_columns_container'><div class=\"mailpoet_form_columns mailpoet_paragraph mailpoet_stack_on_mobile\"><div class=\"mailpoet_form_column\"><div class=\"mailpoet_form_image\"><figure class=\"size-large\"><img data-recalc-dims=\"1\" decoding=\"async\" width=\"900\" height=\"265\" data-src=\"https:\/\/i0.wp.com\/www.vilainlevain.com\/wp-content\/uploads\/2025\/06\/IMG_9625.jpg?resize=900%2C265&#038;ssl=1\" alt class=\"wp-image-9839 lazyload\" data-srcset=\"https:\/\/i0.wp.com\/www.vilainlevain.com\/wp-content\/uploads\/2025\/06\/IMG_9625.jpg?w=1164&#038;ssl=1 1164w, https:\/\/i0.wp.com\/www.vilainlevain.com\/wp-content\/uploads\/2025\/06\/IMG_9625.jpg?resize=300%2C88&#038;ssl=1 300w, https:\/\/i0.wp.com\/www.vilainlevain.com\/wp-content\/uploads\/2025\/06\/IMG_9625.jpg?resize=1024%2C302&#038;ssl=1 1024w, https:\/\/i0.wp.com\/www.vilainlevain.com\/wp-content\/uploads\/2025\/06\/IMG_9625.jpg?resize=768%2C226&#038;ssl=1 768w, https:\/\/i0.wp.com\/www.vilainlevain.com\/wp-content\/uploads\/2025\/06\/IMG_9625.jpg?resize=920%2C271&#038;ssl=1 920w\" src=\"data:image\/svg+xml;base64,PHN2ZyB3aWR0aD0iMSIgaGVpZ2h0PSIxIiB4bWxucz0iaHR0cDovL3d3dy53My5vcmcvMjAwMC9zdmciPjwvc3ZnPg==\" style=\"--smush-placeholder-width: 900px; --smush-placeholder-aspect-ratio: 900\/265;\"><\/figure><\/div>\n<\/div>\n<div class=\"mailpoet_form_column\"><div class=\"mailpoet_form_image\"><figure class=\"size-large\"><img data-recalc-dims=\"1\" decoding=\"async\" width=\"900\" height=\"185\" data-src=\"https:\/\/i0.wp.com\/www.vilainlevain.com\/wp-content\/uploads\/2025\/05\/IMG_9202.jpg?resize=900%2C185&#038;ssl=1\" alt class=\"wp-image-9587 lazyload\" data-srcset=\"https:\/\/i0.wp.com\/www.vilainlevain.com\/wp-content\/uploads\/2025\/05\/IMG_9202.jpg?w=1167&#038;ssl=1 1167w, https:\/\/i0.wp.com\/www.vilainlevain.com\/wp-content\/uploads\/2025\/05\/IMG_9202.jpg?resize=300%2C62&#038;ssl=1 300w, https:\/\/i0.wp.com\/www.vilainlevain.com\/wp-content\/uploads\/2025\/05\/IMG_9202.jpg?resize=1024%2C211&#038;ssl=1 1024w, https:\/\/i0.wp.com\/www.vilainlevain.com\/wp-content\/uploads\/2025\/05\/IMG_9202.jpg?resize=768%2C159&#038;ssl=1 768w, https:\/\/i0.wp.com\/www.vilainlevain.com\/wp-content\/uploads\/2025\/05\/IMG_9202.jpg?resize=920%2C190&#038;ssl=1 920w\" src=\"data:image\/svg+xml;base64,PHN2ZyB3aWR0aD0iMSIgaGVpZ2h0PSIxIiB4bWxucz0iaHR0cDovL3d3dy53My5vcmcvMjAwMC9zdmciPjwvc3ZnPg==\" style=\"--smush-placeholder-width: 900px; --smush-placeholder-aspect-ratio: 900\/185;\"><\/figure><\/div>\n<\/div>\n<div class=\"mailpoet_form_column\"><div class=\"mailpoet_form_image\"><figure class=\"size-large\"><img data-recalc-dims=\"1\" decoding=\"async\" width=\"900\" height=\"250\" data-src=\"https:\/\/i0.wp.com\/www.vilainlevain.com\/wp-content\/uploads\/2025\/07\/IMG_9994.jpg?resize=900%2C250&#038;ssl=1\" alt class=\"wp-image-9944 lazyload\" data-srcset=\"https:\/\/i0.wp.com\/www.vilainlevain.com\/wp-content\/uploads\/2025\/07\/IMG_9994.jpg?w=1026&#038;ssl=1 1026w, https:\/\/i0.wp.com\/www.vilainlevain.com\/wp-content\/uploads\/2025\/07\/IMG_9994.jpg?resize=300%2C83&#038;ssl=1 300w, https:\/\/i0.wp.com\/www.vilainlevain.com\/wp-content\/uploads\/2025\/07\/IMG_9994.jpg?resize=1024%2C284&#038;ssl=1 1024w, https:\/\/i0.wp.com\/www.vilainlevain.com\/wp-content\/uploads\/2025\/07\/IMG_9994.jpg?resize=768%2C213&#038;ssl=1 768w, https:\/\/i0.wp.com\/www.vilainlevain.com\/wp-content\/uploads\/2025\/07\/IMG_9994.jpg?resize=920%2C256&#038;ssl=1 920w\" src=\"data:image\/svg+xml;base64,PHN2ZyB3aWR0aD0iMSIgaGVpZ2h0PSIxIiB4bWxucz0iaHR0cDovL3d3dy53My5vcmcvMjAwMC9zdmciPjwvc3ZnPg==\" style=\"--smush-placeholder-width: 900px; --smush-placeholder-aspect-ratio: 900\/250;\"><\/figure><\/div>\n<\/div>\n<\/div><\/div>\n<p class=\"mailpoet_form_paragraph \" style=\"text-align: center\"><span style=\"font-family: Montserrat\" data-font=\"Montserrat\" class=\"mailpoet-has-font\"><em>Consulte notre <a href=\"#\">politique de confidentialit\u00e9<\/a><\/em><\/span><\/p>\n\n      <div class=\"mailpoet_message\">\n        <p class=\"mailpoet_validate_success\"\n                style=\"display:none;\"\n                >V\u00e9rifiez votre boite de r\u00e9ception ou votre r\u00e9pertoire d\u2019ind\u00e9sirables pour confirmer votre abonnement.\n        <\/p>\n        <p class=\"mailpoet_validate_error\"\n                style=\"display:none;\"\n                >        <\/p>\n      <\/div>\n    <\/form>\n\n      <\/div>\n\n  ","protected":false},"excerpt":{"rendered":"","protected":false},"author":1,"featured_media":0,"parent":0,"menu_order":0,"comment_status":"closed","ping_status":"closed","template":"","meta":{"_uag_custom_page_level_css":"","footnotes":""},"class_list":["post-11747","page","type-page","status-publish","hentry"],"yoast_head":"<!-- This site is optimized with the Yoast SEO plugin v26.4 - https:\/\/yoast.com\/wordpress\/plugins\/seo\/ -->\n<title>Plus qu&#039;un clic pour booster ton levain ! - Vilain Levain - La premi\u00e8re box 100% levain<\/title>\n<meta name=\"robots\" content=\"index, follow, max-snippet:-1, max-image-preview:large, max-video-preview:-1\" \/>\n<link rel=\"canonical\" href=\"https:\/\/www.vilainlevain.com\/index.php\/plus-quun-clic-pour-booster-ton-levain\/\" \/>\n<meta property=\"og:locale\" content=\"fr_FR\" \/>\n<meta property=\"og:type\" content=\"article\" \/>\n<meta property=\"og:title\" content=\"Plus qu&#039;un clic pour booster ton levain ! - Vilain Levain - La premi\u00e8re box 100% levain\" \/>\n<meta property=\"og:url\" content=\"https:\/\/www.vilainlevain.com\/index.php\/plus-quun-clic-pour-booster-ton-levain\/\" \/>\n<meta property=\"og:site_name\" content=\"Vilain Levain - La premi\u00e8re box 100% levain\" \/>\n<meta property=\"article:modified_time\" content=\"2026-02-17T07:54:17+00:00\" \/>\n<meta name=\"twitter:card\" content=\"summary_large_image\" \/>\n<script type=\"application\/ld+json\" class=\"yoast-schema-graph\">{\"@context\":\"https:\/\/schema.org\",\"@graph\":[{\"@type\":\"WebPage\",\"@id\":\"https:\/\/www.vilainlevain.com\/index.php\/plus-quun-clic-pour-booster-ton-levain\/\",\"url\":\"https:\/\/www.vilainlevain.com\/index.php\/plus-quun-clic-pour-booster-ton-levain\/\",\"name\":\"Plus qu'un clic pour booster ton levain ! - Vilain Levain - La premi\u00e8re box 100% levain\",\"isPartOf\":{\"@id\":\"https:\/\/www.vilainlevain.com\/#website\"},\"datePublished\":\"2026-02-17T07:54:15+00:00\",\"dateModified\":\"2026-02-17T07:54:17+00:00\",\"breadcrumb\":{\"@id\":\"https:\/\/www.vilainlevain.com\/index.php\/plus-quun-clic-pour-booster-ton-levain\/#breadcrumb\"},\"inLanguage\":\"fr-FR\",\"potentialAction\":[{\"@type\":\"ReadAction\",\"target\":[\"https:\/\/www.vilainlevain.com\/index.php\/plus-quun-clic-pour-booster-ton-levain\/\"]}]},{\"@type\":\"BreadcrumbList\",\"@id\":\"https:\/\/www.vilainlevain.com\/index.php\/plus-quun-clic-pour-booster-ton-levain\/#breadcrumb\",\"itemListElement\":[{\"@type\":\"ListItem\",\"position\":1,\"name\":\"Accueil\",\"item\":\"https:\/\/www.vilainlevain.com\/\"},{\"@type\":\"ListItem\",\"position\":2,\"name\":\"Plus qu&rsquo;un clic pour booster ton levain !\"}]},{\"@type\":\"WebSite\",\"@id\":\"https:\/\/www.vilainlevain.com\/#website\",\"url\":\"https:\/\/www.vilainlevain.com\/\",\"name\":\"Vilain Levain - La premi\u00e8re box 100% levain\",\"description\":\"Kit pour pain au levain fait-maison. Une box efficace et une expertise \u00e0 votre service !\",\"potentialAction\":[{\"@type\":\"SearchAction\",\"target\":{\"@type\":\"EntryPoint\",\"urlTemplate\":\"https:\/\/www.vilainlevain.com\/?s={search_term_string}\"},\"query-input\":{\"@type\":\"PropertyValueSpecification\",\"valueRequired\":true,\"valueName\":\"search_term_string\"}}],\"inLanguage\":\"fr-FR\"}]}<\/script>\n<!-- \/ Yoast SEO plugin. -->","yoast_head_json":{"title":"Plus qu'un clic pour booster ton levain ! - Vilain Levain - La premi\u00e8re box 100% levain","robots":{"index":"index","follow":"follow","max-snippet":"max-snippet:-1","max-image-preview":"max-image-preview:large","max-video-preview":"max-video-preview:-1"},"canonical":"https:\/\/www.vilainlevain.com\/index.php\/plus-quun-clic-pour-booster-ton-levain\/","og_locale":"fr_FR","og_type":"article","og_title":"Plus qu'un clic pour booster ton levain ! - Vilain Levain - La premi\u00e8re box 100% levain","og_url":"https:\/\/www.vilainlevain.com\/index.php\/plus-quun-clic-pour-booster-ton-levain\/","og_site_name":"Vilain Levain - La premi\u00e8re box 100% levain","article_modified_time":"2026-02-17T07:54:17+00:00","twitter_card":"summary_large_image","schema":{"@context":"https:\/\/schema.org","@graph":[{"@type":"WebPage","@id":"https:\/\/www.vilainlevain.com\/index.php\/plus-quun-clic-pour-booster-ton-levain\/","url":"https:\/\/www.vilainlevain.com\/index.php\/plus-quun-clic-pour-booster-ton-levain\/","name":"Plus qu'un clic pour booster ton levain ! - Vilain Levain - La premi\u00e8re box 100% levain","isPartOf":{"@id":"https:\/\/www.vilainlevain.com\/#website"},"datePublished":"2026-02-17T07:54:15+00:00","dateModified":"2026-02-17T07:54:17+00:00","breadcrumb":{"@id":"https:\/\/www.vilainlevain.com\/index.php\/plus-quun-clic-pour-booster-ton-levain\/#breadcrumb"},"inLanguage":"fr-FR","potentialAction":[{"@type":"ReadAction","target":["https:\/\/www.vilainlevain.com\/index.php\/plus-quun-clic-pour-booster-ton-levain\/"]}]},{"@type":"BreadcrumbList","@id":"https:\/\/www.vilainlevain.com\/index.php\/plus-quun-clic-pour-booster-ton-levain\/#breadcrumb","itemListElement":[{"@type":"ListItem","position":1,"name":"Accueil","item":"https:\/\/www.vilainlevain.com\/"},{"@type":"ListItem","position":2,"name":"Plus qu&rsquo;un clic pour booster ton levain !"}]},{"@type":"WebSite","@id":"https:\/\/www.vilainlevain.com\/#website","url":"https:\/\/www.vilainlevain.com\/","name":"Vilain Levain - La premi\u00e8re box 100% levain","description":"Kit pour pain au levain fait-maison. Une box efficace et une expertise \u00e0 votre service !","potentialAction":[{"@type":"SearchAction","target":{"@type":"EntryPoint","urlTemplate":"https:\/\/www.vilainlevain.com\/?s={search_term_string}"},"query-input":{"@type":"PropertyValueSpecification","valueRequired":true,"valueName":"search_term_string"}}],"inLanguage":"fr-FR"}]}},"uagb_featured_image_src":{"full":false,"thumbnail":false,"medium":false,"medium_large":false,"large":false,"1536x1536":false,"2048x2048":false,"blog-isotope":false,"mailpoet_newsletter_max":false,"woocommerce_thumbnail":false,"woocommerce_single":false,"woocommerce_gallery_thumbnail":false},"uagb_author_info":{"display_name":"Val\u00e9rie Zanon","author_link":"https:\/\/www.vilainlevain.com\/index.php\/author\/admin2739\/"},"uagb_comment_info":0,"uagb_excerpt":null,"jetpack_sharing_enabled":true,"jetpack-related-posts":[{"id":11743,"url":"https:\/\/www.vilainlevain.com\/index.php\/comment-booster-son-levain-5-astuces-pour-un-levain-en-pleine-forme-meme-quand-il-fait-froid\/","url_meta":{"origin":11747,"position":0},"title":"Comment booster son levain : 5 astuces pour un levain en pleine forme (m\u00eame quand il fait froid !)","author":"Val\u00e9rie Zanon","date":"17 f\u00e9vrier 2026","format":false,"excerpt":"Ton levain fait la t\u00eate ? D\u00e9couvre 5 astuces simples et efficaces pour booster ton levain maison, m\u00eame en hiver. Temp\u00e9rature, farine, rythme des rafra\u00eechis\u2026 Je t\u2019explique tout pour retrouver un levain actif et plein de bulles !","rel":"","context":"Article similaire","block_context":{"text":"Article similaire","link":""},"img":{"alt_text":"levain naturel tr\u00e8s actif","src":"https:\/\/i0.wp.com\/www.vilainlevain.com\/wp-content\/uploads\/2025\/11\/comment-booster-son-levain-scaled.jpg?fit=675%2C1200&ssl=1&resize=350%2C200","width":350,"height":200,"srcset":"https:\/\/i0.wp.com\/www.vilainlevain.com\/wp-content\/uploads\/2025\/11\/comment-booster-son-levain-scaled.jpg?fit=675%2C1200&ssl=1&resize=350%2C200 1x, https:\/\/i0.wp.com\/www.vilainlevain.com\/wp-content\/uploads\/2025\/11\/comment-booster-son-levain-scaled.jpg?fit=675%2C1200&ssl=1&resize=525%2C300 1.5x"},"classes":[]},{"id":529,"url":"https:\/\/www.vilainlevain.com\/","url_meta":{"origin":11747,"position":1},"title":"Boutique","author":"Val\u00e9rie Zanon","date":"10 janvier 2017","format":false,"excerpt":"[vc_row full_width=\"stretch_row_content_no_spaces\" css_animation=\"fadeIn\" css=\".vc_custom_1487082407951{margin-bottom: 75px !important;}\"][vc_column][vc_column_text css_animation=\"bounceIn\"] Livraison gratuite* \u00e0 partir de 40\u20ac en France m\u00e9tropolitaine ! *En point relais [\/vc_column_text][vc_separator color=\"custom\" style=\"dotted\" border_width=\"4\" el_width=\"60\" css=\"\" accent_color=\"#FEF87C\"][\/vc_column][\/vc_row][vc_row css_animation=\"fadeIn\"][vc_column width=\"1\/2\"][vc_single_image image=\"8904\" img_size=\"large\" alignment=\"center\" style=\"vc_box_shadow_3d\" css_animation=\"none\" css=\"\"][\/vc_column][vc_column width=\"1\/2\"][vc_custom_heading text=\"Salut \u00e0 tous, les co-pains !\"][vc_column_text css_animation=\"none\" css=\"\"] Je suis Val\u00e9rie, connue sous le\u2026","rel":"","context":"Article similaire","block_context":{"text":"Article similaire","link":""},"img":{"alt_text":"","src":"https:\/\/i0.wp.com\/www.vilainlevain.com\/wp-content\/uploads\/2022\/12\/OOK-compoxt-150x150.jpeg?resize=350%2C200&ssl=1","width":350,"height":200},"classes":[]},{"id":31,"url":"https:\/\/www.vilainlevain.com\/index.php\/blog\/","url_meta":{"origin":11747,"position":2},"title":"Le Blog","author":"Val\u00e9rie Zanon","date":"27 ao\u00fbt 2016","format":false,"excerpt":"Bienvenue sur le blog de Vilain Levain, un espace d\u00e9di\u00e9 \u00e0 la pratique du pain au levain fait maison.Recettes, conseils techniques, astuces du quotidien, retours d\u2019exp\u00e9riences ou r\u00e9flexions plus larges autour du levain\u2026 ce blog fourmille d\u2019id\u00e9es pour accompagner chaque \u00e9tape du parcours, du premier levain jusqu\u2019aux fourn\u00e9es plus affirm\u00e9es.\u2026","rel":"","context":"Article similaire","block_context":{"text":"Article similaire","link":""},"img":{"alt_text":"","src":"https:\/\/i0.wp.com\/www.vilainlevain.com\/wp-content\/uploads\/2025\/04\/pain-au-levain-fait-maison-facile.jpg?fit=804%2C1200&ssl=1&resize=350%2C200","width":350,"height":200,"srcset":"https:\/\/i0.wp.com\/www.vilainlevain.com\/wp-content\/uploads\/2025\/04\/pain-au-levain-fait-maison-facile.jpg?fit=804%2C1200&ssl=1&resize=350%2C200 1x, https:\/\/i0.wp.com\/www.vilainlevain.com\/wp-content\/uploads\/2025\/04\/pain-au-levain-fait-maison-facile.jpg?fit=804%2C1200&ssl=1&resize=525%2C300 1.5x, https:\/\/i0.wp.com\/www.vilainlevain.com\/wp-content\/uploads\/2025\/04\/pain-au-levain-fait-maison-facile.jpg?fit=804%2C1200&ssl=1&resize=700%2C400 2x"},"classes":[]},{"id":9908,"url":"https:\/\/www.vilainlevain.com\/index.php\/acces-astuces-chaleur\/","url_meta":{"origin":11747,"position":3},"title":"Plus qu&rsquo;un clic !","author":"Val\u00e9rie Zanon","date":"2 juillet 2025","format":false,"excerpt":"","rel":"","context":"Article similaire","block_context":{"text":"Article similaire","link":""},"img":{"alt_text":"","src":"","width":0,"height":0},"classes":[]},{"id":9881,"url":"https:\/\/www.vilainlevain.com\/index.php\/pain-au-levain-et-grosses-chaleurs-5-reflexes-pour-garder-le-controle\/","url_meta":{"origin":11747,"position":4},"title":"Pain au levain et grosses chaleurs : 5 r\u00e9flexes pour garder le contr\u00f4le !","author":"Val\u00e9rie Zanon","date":"2 juillet 2025","format":false,"excerpt":"[vc_row][vc_column offset=\"vc_col-lg-offset-1 vc_col-lg-4\/5\"][vc_empty_space height=\"30\"][vc_custom_heading text=\"Et en bonus : ma recette de pain \u00e0 la farine de meule et deux s\u00e9sames !\" css=\"\"][vc_column_text css=\"\"]Quand l\u2019\u00e9t\u00e9 s\u2019installe pour de bon et que les temp\u00e9ratures grimpent, notre levain r\u00e9agit au quart de tour. Fermentations express, p\u00e2tes trop molles, timing \u00e0 revoir\u2026 Pas toujours\u2026","rel":"","context":"Article similaire","block_context":{"text":"Article similaire","link":""},"img":{"alt_text":"","src":"https:\/\/i0.wp.com\/www.vilainlevain.com\/wp-content\/uploads\/2025\/07\/levain-et-canicule.jpg?fit=625%2C938&ssl=1&resize=350%2C200","width":350,"height":200,"srcset":"https:\/\/i0.wp.com\/www.vilainlevain.com\/wp-content\/uploads\/2025\/07\/levain-et-canicule.jpg?fit=625%2C938&ssl=1&resize=350%2C200 1x, https:\/\/i0.wp.com\/www.vilainlevain.com\/wp-content\/uploads\/2025\/07\/levain-et-canicule.jpg?fit=625%2C938&ssl=1&resize=525%2C300 1.5x"},"classes":[]},{"id":2963,"url":"https:\/\/www.vilainlevain.com\/index.php\/coming-soon\/","url_meta":{"origin":11747,"position":5},"title":"Coming soon","author":"Val\u00e9rie Zanon","date":"16 novembre 2021","format":false,"excerpt":"La Box\u00a0Vilain Levainarrive...Soyez pr\u00eat.e.s ! La premi\u00e8re box 100% Levain va d\u00e9barquer en France dans quelques jours.Que va t-elle proposer ? Tout ce dont vous avez besoin pour d\u00e9marrer et \u00eatre accompagn\u00e9.e, sans stress.Rendez-vous dans quelques jours pour le lancement...Premi\u00e8re box en France sur le th\u00e8me du LevainTout le mat\u00e9riel\u2026","rel":"","context":"Article similaire","block_context":{"text":"Article similaire","link":""},"img":{"alt_text":"","src":"","width":0,"height":0},"classes":[]}],"_links":{"self":[{"href":"https:\/\/www.vilainlevain.com\/index.php\/wp-json\/wp\/v2\/pages\/11747","targetHints":{"allow":["GET"]}}],"collection":[{"href":"https:\/\/www.vilainlevain.com\/index.php\/wp-json\/wp\/v2\/pages"}],"about":[{"href":"https:\/\/www.vilainlevain.com\/index.php\/wp-json\/wp\/v2\/types\/page"}],"author":[{"embeddable":true,"href":"https:\/\/www.vilainlevain.com\/index.php\/wp-json\/wp\/v2\/users\/1"}],"replies":[{"embeddable":true,"href":"https:\/\/www.vilainlevain.com\/index.php\/wp-json\/wp\/v2\/comments?post=11747"}],"version-history":[{"count":1,"href":"https:\/\/www.vilainlevain.com\/index.php\/wp-json\/wp\/v2\/pages\/11747\/revisions"}],"predecessor-version":[{"id":11748,"href":"https:\/\/www.vilainlevain.com\/index.php\/wp-json\/wp\/v2\/pages\/11747\/revisions\/11748"}],"wp:attachment":[{"href":"https:\/\/www.vilainlevain.com\/index.php\/wp-json\/wp\/v2\/media?parent=11747"}],"curies":[{"name":"wp","href":"https:\/\/api.w.org\/{rel}","templated":true}]}}