{"version":"1.0","provider_name":"Vilain Levain - La premi\u00e8re box 100% levain","provider_url":"https:\/\/www.vilainlevain.com","author_name":"Val\u00e9rie Zanon","author_url":"https:\/\/www.vilainlevain.com\/index.php\/author\/admin2739\/","title":"Atelier \"D\u00e9marrer mon levain naturel\" - Vilain Levain - La premi\u00e8re box 100% levain","type":"rich","width":600,"height":338,"html":"<blockquote class=\"wp-embedded-content\" data-secret=\"N3TgVeS3ub\"><a href=\"https:\/\/www.vilainlevain.com\/index.php\/produit\/atelier-levain-miam-et-tartinades\/\">Atelier \u00ab\u00a0D\u00e9marrer mon levain naturel\u00a0\u00bb<\/a><\/blockquote><iframe sandbox=\"allow-scripts\" security=\"restricted\" src=\"https:\/\/www.vilainlevain.com\/index.php\/produit\/atelier-levain-miam-et-tartinades\/embed\/#?secret=N3TgVeS3ub\" width=\"600\" height=\"338\" title=\"\u00ab\u00a0Atelier \u00ab\u00a0D\u00e9marrer mon levain naturel\u00a0\u00bb\u00a0\u00bb &#8212; Vilain Levain - La premi\u00e8re box 100% levain\" data-secret=\"N3TgVeS3ub\" frameborder=\"0\" marginwidth=\"0\" marginheight=\"0\" scrolling=\"no\" class=\"wp-embedded-content\"><\/iframe><script type=\"text\/javascript\">\n\/* <![CDATA[ *\/\n\/*! This file is auto-generated *\/\n!function(d,l){\"use strict\";l.querySelector&&d.addEventListener&&\"undefined\"!=typeof URL&&(d.wp=d.wp||{},d.wp.receiveEmbedMessage||(d.wp.receiveEmbedMessage=function(e){var t=e.data;if((t||t.secret||t.message||t.value)&&!\/[^a-zA-Z0-9]\/.test(t.secret)){for(var s,r,n,a=l.querySelectorAll('iframe[data-secret=\"'+t.secret+'\"]'),o=l.querySelectorAll('blockquote[data-secret=\"'+t.secret+'\"]'),c=new RegExp(\"^https?:$\",\"i\"),i=0;i<o.length;i++)o[i].style.display=\"none\";for(i=0;i<a.length;i++)s=a[i],e.source===s.contentWindow&&(s.removeAttribute(\"style\"),\"height\"===t.message?(1e3<(r=parseInt(t.value,10))?r=1e3:~~r<200&&(r=200),s.height=r):\"link\"===t.message&&(r=new URL(s.getAttribute(\"src\")),n=new URL(t.value),c.test(n.protocol))&&n.host===r.host&&l.activeElement===s&&(d.top.location.href=t.value))}},d.addEventListener(\"message\",d.wp.receiveEmbedMessage,!1),l.addEventListener(\"DOMContentLoaded\",function(){for(var e,t,s=l.querySelectorAll(\"iframe.wp-embedded-content\"),r=0;r<s.length;r++)(t=(e=s[r]).getAttribute(\"data-secret\"))||(t=Math.random().toString(36).substring(2,12),e.src+=\"#?secret=\"+t,e.setAttribute(\"data-secret\",t)),e.contentWindow.postMessage({message:\"ready\",secret:t},\"*\")},!1)))}(window,document);\n\/* ]]> *\/\n<\/script>\n","thumbnail_url":"https:\/\/www.vilainlevain.com\/wp-content\/uploads\/2025\/06\/IMG_9470-scaled.jpg","thumbnail_width":1706,"thumbnail_height":2560,"description":"Atelier levain \u00e0 Paris D\u00e9marrer et faire vivre son levain maison Avec Val\u00e9rie Zanon, autrice de r\u00e9f\u00e9rence sur le pain au levain \u2b50 Plus de 100 participants d\u00e9j\u00e0 pass\u00e9s \u00e0 l\u2019atelier Atelier en petit groupe - places limit\u00e9es  \u2714 Accessible m\u00eame si vous d\u00e9butez\u2714 M\u00e9thode simple, applicable d\u00e8s le retour chez vous \u2714 Aucun mat\u00e9riel \u00e0 pr\u00e9voir : vous repartez avec tout. Apprenez \u00e0 cr\u00e9er et entretenir votre levain maison en 2h, simplement et concr\u00e8tement. \u00c0 Paris, en petit groupe, je vous transmets une m\u00e9thode claire issue de mon exp\u00e9rience et de mes 3 livres sur le levain. \u2728 Ce que cet atelier va vraiment changer pour vous : \ud83d\udc49 Vous repartez en comprenant enfin comment faire vivre votre levain chez vous. Vous repartez avec :   \ud83e\udd56 2 pots de levain (dont un \u00e9chantillon actif du mien)  \ud83d\udcd8 livret recette  \ud83d\udcac suivi d\u2019une semaine avec moi  Un vrai temps d\u2019\u00e9change pour apprendre avec moi, poser vos questions et repartir avec des bases solides. \ud83d\udccd Atelier en pr\u00e9sentiel \u00e0 Paris 8e\ud83d\udcc5 Plusieurs cr\u00e9neaux disponibles\ud83c\udf81 Bonus sur place : livres et accessoires autour du levain Places limit\u00e9es pour garder un vrai temps d\u2019\u00e9change\ud83d\udc49 Je r\u00e9serve ma place pour l\u2019atelier  Tous les d\u00e9tails ci-dessous dans la fiche produit d\u00e9taill\u00e9e."}

Vilain Levain - La première box 100% levain

Valérie Zanon

Atelier "Démarrer mon levain naturel" - Vilain Levain - La première box 100% levain

<blockquote class="wp-embedded-content" data-secret="N3TgVeS3ub"><a href="https://www.vilainlevain.com/index.php/produit/atelier-levain-miam-et-tartinades/">Atelier « Démarrer mon levain naturel »</a></blockquote><iframe sandbox="allow-scripts" security="restricted" src="https://www.vilainlevain.com/index.php/produit/atelier-levain-miam-et-tartinades/embed/#?secret=N3TgVeS3ub" width="600" height="338" title="« Atelier « Démarrer mon levain naturel » » &#8212; Vilain Levain - La première box 100% levain" data-secret="N3TgVeS3ub" frameborder="0" marginwidth="0" marginheight="0" scrolling="no" class="wp-embedded-content"></iframe><script type="text/javascript">
/* <![CDATA[ */
/*! This file is auto-generated */
!function(d,l){"use strict";l.querySelector&&d.addEventListener&&"undefined"!=typeof URL&&(d.wp=d.wp||{},d.wp.receiveEmbedMessage||(d.wp.receiveEmbedMessage=function(e){var t=e.data;if((t||t.secret||t.message||t.value)&&!/[^a-zA-Z0-9]/.test(t.secret)){for(var s,r,n,a=l.querySelectorAll('iframe[data-secret="'+t.secret+'"]'),o=l.querySelectorAll('blockquote[data-secret="'+t.secret+'"]'),c=new RegExp("^https?:$","i"),i=0;i<o.length;i++)o[i].style.display="none";for(i=0;i<a.length;i++)s=a[i],e.source===s.contentWindow&&(s.removeAttribute("style"),"height"===t.message?(1e3<(r=parseInt(t.value,10))?r=1e3:~~r<200&&(r=200),s.height=r):"link"===t.message&&(r=new URL(s.getAttribute("src")),n=new URL(t.value),c.test(n.protocol))&&n.host===r.host&&l.activeElement===s&&(d.top.location.href=t.value))}},d.addEventListener("message",d.wp.receiveEmbedMessage,!1),l.addEventListener("DOMContentLoaded",function(){for(var e,t,s=l.querySelectorAll("iframe.wp-embedded-content"),r=0;r<s.length;r++)(t=(e=s[r]).getAttribute("data-secret"))||(t=Math.random().toString(36).substring(2,12),e.src+="#?secret="+t,e.setAttribute("data-secret",t)),e.contentWindow.postMessage({message:"ready",secret:t},"*")},!1)))}(window,document);
/* ]]> */
</script>

Atelier levain à Paris Démarrer et faire vivre son levain maison Avec Valérie Zanon, autrice de référence sur le pain au levain ⭐ Plus de 100 participants déjà passés à l’atelier Atelier en petit groupe - places limitées  ✔ Accessible même si vous débutez✔ Méthode simple, applicable dès le retour chez vous ✔ Aucun matériel à prévoir : vous repartez avec tout. Apprenez à créer et entretenir votre levain maison en 2h, simplement et concrètement. À Paris, en petit groupe, je vous transmets une méthode claire issue de mon expérience et de mes 3 livres sur le levain. ✨ Ce que cet atelier va vraiment changer pour vous : 👉 Vous repartez en comprenant enfin comment faire vivre votre levain chez vous. Vous repartez avec :   🥖 2 pots de levain (dont un échantillon actif du mien)  📘 livret recette  💬 suivi d’une semaine avec moi  Un vrai temps d’échange pour apprendre avec moi, poser vos questions et repartir avec des bases solides. 📍 Atelier en présentiel à Paris 8e📅 Plusieurs créneaux disponibles🎁 Bonus sur place : livres et accessoires autour du levain Places limitées pour garder un vrai temps d’échange👉 Je réserve ma place pour l’atelier  Tous les détails ci-dessous dans la fiche produit détaillée.
